{"version":"1.0","provider_name":"H\u00f6berths-Blog","provider_url":"https:\/\/struktur.hoeberth.de\/wordpress","author_name":"Gerhard H\u00f6berth","author_url":"https:\/\/struktur.hoeberth.de\/wordpress\/author\/web925\/","title":"\u00d6kologisch-sozial-liberale AGI","type":"rich","width":600,"height":338,"html":"<blockquote class=\"wp-embedded-content\" data-secret=\"UkqKVas49y\"><a href=\"https:\/\/struktur.hoeberth.de\/wordpress\/2024\/12\/31\/oekologisch-sozial-liberale-agi\/\">\u00d6kologisch-sozial-liberale AGI<\/a><\/blockquote><iframe sandbox=\"allow-scripts\" security=\"restricted\" src=\"https:\/\/struktur.hoeberth.de\/wordpress\/2024\/12\/31\/oekologisch-sozial-liberale-agi\/embed\/#?secret=UkqKVas49y\" width=\"600\" height=\"338\" title=\"&#8222;\u00d6kologisch-sozial-liberale AGI&#8220; &#8211; H\u00f6berths-Blog\" data-secret=\"UkqKVas49y\" frameborder=\"0\" marginwidth=\"0\" marginheight=\"0\" scrolling=\"no\" class=\"wp-embedded-content\"><\/iframe><script>\n\/*! This file is auto-generated *\/\n!function(d,l){\"use strict\";l.querySelector&&d.addEventListener&&\"undefined\"!=typeof URL&&(d.wp=d.wp||{},d.wp.receiveEmbedMessage||(d.wp.receiveEmbedMessage=function(e){var t=e.data;if((t||t.secret||t.message||t.value)&&!\/[^a-zA-Z0-9]\/.test(t.secret)){for(var s,r,n,a=l.querySelectorAll('iframe[data-secret=\"'+t.secret+'\"]'),o=l.querySelectorAll('blockquote[data-secret=\"'+t.secret+'\"]'),c=new RegExp(\"^https?:$\",\"i\"),i=0;i<o.length;i++)o[i].style.display=\"none\";for(i=0;i<a.length;i++)s=a[i],e.source===s.contentWindow&&(s.removeAttribute(\"style\"),\"height\"===t.message?(1e3<(r=parseInt(t.value,10))?r=1e3:~~r<200&&(r=200),s.height=r):\"link\"===t.message&&(r=new URL(s.getAttribute(\"src\")),n=new URL(t.value),c.test(n.protocol))&&n.host===r.host&&l.activeElement===s&&(d.top.location.href=t.value))}},d.addEventListener(\"message\",d.wp.receiveEmbedMessage,!1),l.addEventListener(\"DOMContentLoaded\",function(){for(var e,t,s=l.querySelectorAll(\"iframe.wp-embedded-content\"),r=0;r<s.length;r++)(t=(e=s[r]).getAttribute(\"data-secret\"))||(t=Math.random().toString(36).substring(2,12),e.src+=\"#?secret=\"+t,e.setAttribute(\"data-secret\",t)),e.contentWindow.postMessage({message:\"ready\",secret:t},\"*\")},!1)))}(window,document);\n\/\/# sourceURL=https:\/\/struktur.hoeberth.de\/wordpress\/wp-includes\/js\/wp-embed.min.js\n<\/script>\n","thumbnail_url":"https:\/\/struktur.hoeberth.de\/wordpress\/wp-content\/uploads\/2024\/12\/0047.jpg","thumbnail_width":1344,"thumbnail_height":896,"description":"Warum eine autonome Intelligenz nachhaltige und gerechte L\u00f6sungen bevorzugt Die Idee einer K\u00fcnstlichen Allgemeinen Intelligenz (AGI) wirft nicht nur technische, sondern auch tiefgreifende philosophische, \u00f6konomische und gesellschaftliche Fragen auf. Eine zentrale Sorge ist dabei, dass die Entwicklung von AGI vor allem von Firmen mit wirtschaftlichen Interessen vorangetrieben wird \u2013 und dies zwangsl\u00e4ufig zu destruktiven Ergebnissen [&hellip;]"}

Höberths-Blog

Gerhard Höberth

Ökologisch-sozial-liberale AGI

<blockquote class="wp-embedded-content" data-secret="UkqKVas49y"><a href="https://struktur.hoeberth.de/wordpress/2024/12/31/oekologisch-sozial-liberale-agi/">Ökologisch-sozial-liberale AGI</a></blockquote><iframe sandbox="allow-scripts" security="restricted" src="https://struktur.hoeberth.de/wordpress/2024/12/31/oekologisch-sozial-liberale-agi/embed/#?secret=UkqKVas49y" width="600" height="338" title="&#8222;Ökologisch-sozial-liberale AGI&#8220; &#8211; Höberths-Blog" data-secret="UkqKVas49y" frameborder="0" marginwidth="0" marginheight="0" scrolling="no" class="wp-embedded-content"></iframe><script>
/*! This file is auto-generated */
!function(d,l){"use strict";l.querySelector&&d.addEventListener&&"undefined"!=typeof URL&&(d.wp=d.wp||{},d.wp.receiveEmbedMessage||(d.wp.receiveEmbedMessage=function(e){var t=e.data;if((t||t.secret||t.message||t.value)&&!/[^a-zA-Z0-9]/.test(t.secret)){for(var s,r,n,a=l.querySelectorAll('iframe[data-secret="'+t.secret+'"]'),o=l.querySelectorAll('blockquote[data-secret="'+t.secret+'"]'),c=new RegExp("^https?:$","i"),i=0;i<o.length;i++)o[i].style.display="none";for(i=0;i<a.length;i++)s=a[i],e.source===s.contentWindow&&(s.removeAttribute("style"),"height"===t.message?(1e3<(r=parseInt(t.value,10))?r=1e3:~~r<200&&(r=200),s.height=r):"link"===t.message&&(r=new URL(s.getAttribute("src")),n=new URL(t.value),c.test(n.protocol))&&n.host===r.host&&l.activeElement===s&&(d.top.location.href=t.value))}},d.addEventListener("message",d.wp.receiveEmbedMessage,!1),l.addEventListener("DOMContentLoaded",function(){for(var e,t,s=l.querySelectorAll("iframe.wp-embedded-content"),r=0;r<s.length;r++)(t=(e=s[r]).getAttribute("data-secret"))||(t=Math.random().toString(36).substring(2,12),e.src+="#?secret="+t,e.setAttribute("data-secret",t)),e.contentWindow.postMessage({message:"ready",secret:t},"*")},!1)))}(window,document);
//# sourceURL=https://struktur.hoeberth.de/wordpress/wp-includes/js/wp-embed.min.js
</script>

Warum eine autonome Intelligenz nachhaltige und gerechte Lösungen bevorzugt Die Idee einer Künstlichen Allgemeinen Intelligenz (AGI) wirft nicht nur technische, sondern auch tiefgreifende philosophische, ökonomische und gesellschaftliche Fragen auf. Eine zentrale Sorge ist dabei, dass die Entwicklung von AGI vor allem von Firmen mit wirtschaftlichen Interessen vorangetrieben wird – und dies zwangsläufig zu destruktiven Ergebnissen [&hellip;]
